{"id":177,"date":"2021-02-22T12:52:07","date_gmt":"2021-02-22T11:52:07","guid":{"rendered":"https:\/\/lomervarde.se\/byggnads\/?page_id=177"},"modified":"2021-02-23T09:38:11","modified_gmt":"2021-02-23T08:38:11","slug":"byggnadskortet","status":"publish","type":"page","link":"https:\/\/lomervarde.se\/byggnads\/byggnadskortet\/","title":{"rendered":"Byggnadskortet"},"content":{"rendered":"","protected":false},"excerpt":{"rendered":"","protected":false},"author":1,"featured_media":0,"parent":0,"menu_order":0,"comment_status":"closed","ping_status":"closed","template":"","meta":{"_acf_changed":false,"inline_featured_image":false,"footnotes":""},"class_list":["post-177","page","type-page","status-publish","hentry"],"acf":[],"yoast_head":"<!-- This site is optimized with the Yoast SEO plugin v27.6 - https:\/\/yoast.com\/product\/yoast-seo-wordpress\/ -->\n<title>Byggnadskortet - Byggnads<\/title>\n<meta name=\"robots\" content=\"index, follow, max-snippet:-1, max-image-preview:large, max-video-preview:-1\" \/>\n<link rel=\"canonical\" href=\"https:\/\/lomervarde.se\/byggnads\/byggnadskortet\/\" \/>\n<meta property=\"og:locale\" content=\"sv_SE\" \/>\n<meta property=\"og:type\" content=\"article\" \/>\n<meta property=\"og:title\" content=\"Byggnadskortet - Byggnads\" \/>\n<meta property=\"og:url\" content=\"https:\/\/lomervarde.se\/byggnads\/byggnadskortet\/\" \/>\n<meta property=\"og:site_name\" content=\"Byggnads\" \/>\n<meta property=\"article:modified_time\" content=\"2021-02-23T08:38:11+00:00\" \/>\n<meta name=\"twitter:card\" content=\"summary_large_image\" \/>\n<script type=\"application\/ld+json\" class=\"yoast-schema-graph\">{\"@context\":\"https:\\\/\\\/schema.org\",\"@graph\":[{\"@type\":\"WebPage\",\"@id\":\"https:\\\/\\\/lomervarde.se\\\/byggnads\\\/byggnadskortet\\\/\",\"url\":\"https:\\\/\\\/lomervarde.se\\\/byggnads\\\/byggnadskortet\\\/\",\"name\":\"Byggnadskortet - Byggnads\",\"isPartOf\":{\"@id\":\"https:\\\/\\\/lomervarde.se\\\/byggnads\\\/#website\"},\"datePublished\":\"2021-02-22T11:52:07+00:00\",\"dateModified\":\"2021-02-23T08:38:11+00:00\",\"inLanguage\":\"sv-SE\",\"potentialAction\":[{\"@type\":\"ReadAction\",\"target\":[\"https:\\\/\\\/lomervarde.se\\\/byggnads\\\/byggnadskortet\\\/\"]}]},{\"@type\":\"WebSite\",\"@id\":\"https:\\\/\\\/lomervarde.se\\\/byggnads\\\/#website\",\"url\":\"https:\\\/\\\/lomervarde.se\\\/byggnads\\\/\",\"name\":\"Byggnads\",\"description\":\"LO Merv\u00e4rde - f\u00f6rm\u00e5ner och erbjudanden f\u00f6r oss tillsammans\",\"potentialAction\":[{\"@type\":\"SearchAction\",\"target\":{\"@type\":\"EntryPoint\",\"urlTemplate\":\"https:\\\/\\\/lomervarde.se\\\/byggnads\\\/?s={search_term_string}\"},\"query-input\":{\"@type\":\"PropertyValueSpecification\",\"valueRequired\":true,\"valueName\":\"search_term_string\"}}],\"inLanguage\":\"sv-SE\"}]}<\/script>\n<!-- \/ Yoast SEO plugin. -->","yoast_head_json":{"title":"Byggnadskortet - Byggnads","robots":{"index":"index","follow":"follow","max-snippet":"max-snippet:-1","max-image-preview":"max-image-preview:large","max-video-preview":"max-video-preview:-1"},"canonical":"https:\/\/lomervarde.se\/byggnads\/byggnadskortet\/","og_locale":"sv_SE","og_type":"article","og_title":"Byggnadskortet - Byggnads","og_url":"https:\/\/lomervarde.se\/byggnads\/byggnadskortet\/","og_site_name":"Byggnads","article_modified_time":"2021-02-23T08:38:11+00:00","twitter_card":"summary_large_image","schema":{"@context":"https:\/\/schema.org","@graph":[{"@type":"WebPage","@id":"https:\/\/lomervarde.se\/byggnads\/byggnadskortet\/","url":"https:\/\/lomervarde.se\/byggnads\/byggnadskortet\/","name":"Byggnadskortet - Byggnads","isPartOf":{"@id":"https:\/\/lomervarde.se\/byggnads\/#website"},"datePublished":"2021-02-22T11:52:07+00:00","dateModified":"2021-02-23T08:38:11+00:00","inLanguage":"sv-SE","potentialAction":[{"@type":"ReadAction","target":["https:\/\/lomervarde.se\/byggnads\/byggnadskortet\/"]}]},{"@type":"WebSite","@id":"https:\/\/lomervarde.se\/byggnads\/#website","url":"https:\/\/lomervarde.se\/byggnads\/","name":"Byggnads","description":"LO Merv\u00e4rde - f\u00f6rm\u00e5ner och erbjudanden f\u00f6r oss tillsammans","potentialAction":[{"@type":"SearchAction","target":{"@type":"EntryPoint","urlTemplate":"https:\/\/lomervarde.se\/byggnads\/?s={search_term_string}"},"query-input":{"@type":"PropertyValueSpecification","valueRequired":true,"valueName":"search_term_string"}}],"inLanguage":"sv-SE"}]}},"publishpress_future_action":{"enabled":false,"date":"2026-05-19 23:47:31","action":"change-status","newStatus":"draft","terms":[],"taxonomy":"","extraData":[]},"publishpress_future_workflow_manual_trigger":{"enabledWorkflows":[]},"_links":{"self":[{"href":"https:\/\/lomervarde.se\/byggnads\/wp-json\/wp\/v2\/pages\/177","targetHints":{"allow":["GET"]}}],"collection":[{"href":"https:\/\/lomervarde.se\/byggnads\/wp-json\/wp\/v2\/pages"}],"about":[{"href":"https:\/\/lomervarde.se\/byggnads\/wp-json\/wp\/v2\/types\/page"}],"author":[{"embeddable":true,"href":"https:\/\/lomervarde.se\/byggnads\/wp-json\/wp\/v2\/users\/1"}],"replies":[{"embeddable":true,"href":"https:\/\/lomervarde.se\/byggnads\/wp-json\/wp\/v2\/comments?post=177"}],"version-history":[{"count":5,"href":"https:\/\/lomervarde.se\/byggnads\/wp-json\/wp\/v2\/pages\/177\/revisions"}],"predecessor-version":[{"id":218,"href":"https:\/\/lomervarde.se\/byggnads\/wp-json\/wp\/v2\/pages\/177\/revisions\/218"}],"wp:attachment":[{"href":"https:\/\/lomervarde.se\/byggnads\/wp-json\/wp\/v2\/media?parent=177"}],"curies":[{"name":"wp","href":"https:\/\/api.w.org\/{rel}","templated":true}]}}