{"id":1504,"date":"2024-05-30T14:19:11","date_gmt":"2024-05-30T12:19:11","guid":{"rendered":"https:\/\/lomervarde.se\/kommunal\/checklista-for-fritidshuset\/"},"modified":"2024-05-30T14:19:42","modified_gmt":"2024-05-30T12:19:42","slug":"checklista-for-fritidshuset","status":"publish","type":"page","link":"https:\/\/lomervarde.se\/kommunal\/checklista-for-fritidshuset\/","title":{"rendered":"Checklista f\u00f6r fritidshuset"},"content":{"rendered":"","protected":false},"excerpt":{"rendered":"","protected":false},"author":34,"featured_media":0,"parent":0,"menu_order":0,"comment_status":"closed","ping_status":"closed","template":"","meta":{"_acf_changed":false,"inline_featured_image":false,"footnotes":""},"class_list":["post-1504","page","type-page","status-publish","hentry"],"acf":[],"yoast_head":"<!-- This site is optimized with the Yoast SEO plugin v27.3 - https:\/\/yoast.com\/product\/yoast-seo-wordpress\/ -->\n<title>Checklista f\u00f6r fritidshuset - Kommunal<\/title>\n<meta name=\"robots\" content=\"index, follow, max-snippet:-1, max-image-preview:large, max-video-preview:-1\" \/>\n<link rel=\"canonical\" href=\"https:\/\/lomervarde.se\/kommunal\/checklista-for-fritidshuset\/\" \/>\n<meta property=\"og:locale\" content=\"sv_SE\" \/>\n<meta property=\"og:type\" content=\"article\" \/>\n<meta property=\"og:title\" content=\"Checklista f\u00f6r fritidshuset - Kommunal\" \/>\n<meta property=\"og:url\" content=\"https:\/\/lomervarde.se\/kommunal\/checklista-for-fritidshuset\/\" \/>\n<meta property=\"og:site_name\" content=\"Kommunal\" \/>\n<meta property=\"article:modified_time\" content=\"2024-05-30T12:19:42+00:00\" \/>\n<meta name=\"twitter:card\" content=\"summary_large_image\" \/>\n<meta name=\"twitter:label1\" content=\"Ber\u00e4knad l\u00e4stid\" \/>\n\t<meta name=\"twitter:data1\" content=\"3 minuter\" \/>\n<script type=\"application\/ld+json\" class=\"yoast-schema-graph\">{\"@context\":\"https:\\\/\\\/schema.org\",\"@graph\":[{\"@type\":\"WebPage\",\"@id\":\"https:\\\/\\\/lomervarde.se\\\/kommunal\\\/checklista-for-fritidshuset\\\/\",\"url\":\"https:\\\/\\\/lomervarde.se\\\/kommunal\\\/checklista-for-fritidshuset\\\/\",\"name\":\"Checklista f\u00f6r fritidshuset - Kommunal\",\"isPartOf\":{\"@id\":\"https:\\\/\\\/lomervarde.se\\\/kommunal\\\/#website\"},\"datePublished\":\"2024-05-30T12:19:11+00:00\",\"dateModified\":\"2024-05-30T12:19:42+00:00\",\"inLanguage\":\"sv-SE\",\"potentialAction\":[{\"@type\":\"ReadAction\",\"target\":[\"https:\\\/\\\/lomervarde.se\\\/kommunal\\\/checklista-for-fritidshuset\\\/\"]}]},{\"@type\":\"WebSite\",\"@id\":\"https:\\\/\\\/lomervarde.se\\\/kommunal\\\/#website\",\"url\":\"https:\\\/\\\/lomervarde.se\\\/kommunal\\\/\",\"name\":\"Kommunal\",\"description\":\"LO Merv\u00e4rde - f\u00f6rm\u00e5ner och erbjudanden f\u00f6r oss tillsammans\",\"potentialAction\":[{\"@type\":\"SearchAction\",\"target\":{\"@type\":\"EntryPoint\",\"urlTemplate\":\"https:\\\/\\\/lomervarde.se\\\/kommunal\\\/?s={search_term_string}\"},\"query-input\":{\"@type\":\"PropertyValueSpecification\",\"valueRequired\":true,\"valueName\":\"search_term_string\"}}],\"inLanguage\":\"sv-SE\"}]}<\/script>\n<!-- \/ Yoast SEO plugin. -->","yoast_head_json":{"title":"Checklista f\u00f6r fritidshuset - Kommunal","robots":{"index":"index","follow":"follow","max-snippet":"max-snippet:-1","max-image-preview":"max-image-preview:large","max-video-preview":"max-video-preview:-1"},"canonical":"https:\/\/lomervarde.se\/kommunal\/checklista-for-fritidshuset\/","og_locale":"sv_SE","og_type":"article","og_title":"Checklista f\u00f6r fritidshuset - Kommunal","og_url":"https:\/\/lomervarde.se\/kommunal\/checklista-for-fritidshuset\/","og_site_name":"Kommunal","article_modified_time":"2024-05-30T12:19:42+00:00","twitter_card":"summary_large_image","twitter_misc":{"Ber\u00e4knad l\u00e4stid":"3 minuter"},"schema":{"@context":"https:\/\/schema.org","@graph":[{"@type":"WebPage","@id":"https:\/\/lomervarde.se\/kommunal\/checklista-for-fritidshuset\/","url":"https:\/\/lomervarde.se\/kommunal\/checklista-for-fritidshuset\/","name":"Checklista f\u00f6r fritidshuset - Kommunal","isPartOf":{"@id":"https:\/\/lomervarde.se\/kommunal\/#website"},"datePublished":"2024-05-30T12:19:11+00:00","dateModified":"2024-05-30T12:19:42+00:00","inLanguage":"sv-SE","potentialAction":[{"@type":"ReadAction","target":["https:\/\/lomervarde.se\/kommunal\/checklista-for-fritidshuset\/"]}]},{"@type":"WebSite","@id":"https:\/\/lomervarde.se\/kommunal\/#website","url":"https:\/\/lomervarde.se\/kommunal\/","name":"Kommunal","description":"LO Merv\u00e4rde - f\u00f6rm\u00e5ner och erbjudanden f\u00f6r oss tillsammans","potentialAction":[{"@type":"SearchAction","target":{"@type":"EntryPoint","urlTemplate":"https:\/\/lomervarde.se\/kommunal\/?s={search_term_string}"},"query-input":{"@type":"PropertyValueSpecification","valueRequired":true,"valueName":"search_term_string"}}],"inLanguage":"sv-SE"}]}},"publishpress_future_action":{"enabled":false,"date":"2026-04-14 05:03:05","action":"change-status","newStatus":"draft","terms":[],"taxonomy":"","extraData":[]},"publishpress_future_workflow_manual_trigger":{"enabledWorkflows":[]},"_links":{"self":[{"href":"https:\/\/lomervarde.se\/kommunal\/wp-json\/wp\/v2\/pages\/1504","targetHints":{"allow":["GET"]}}],"collection":[{"href":"https:\/\/lomervarde.se\/kommunal\/wp-json\/wp\/v2\/pages"}],"about":[{"href":"https:\/\/lomervarde.se\/kommunal\/wp-json\/wp\/v2\/types\/page"}],"author":[{"embeddable":true,"href":"https:\/\/lomervarde.se\/kommunal\/wp-json\/wp\/v2\/users\/34"}],"replies":[{"embeddable":true,"href":"https:\/\/lomervarde.se\/kommunal\/wp-json\/wp\/v2\/comments?post=1504"}],"version-history":[{"count":0,"href":"https:\/\/lomervarde.se\/kommunal\/wp-json\/wp\/v2\/pages\/1504\/revisions"}],"wp:attachment":[{"href":"https:\/\/lomervarde.se\/kommunal\/wp-json\/wp\/v2\/media?parent=1504"}],"curies":[{"name":"wp","href":"https:\/\/api.w.org\/{rel}","templated":true}]}}