{"id":2167,"date":"2026-01-27T13:20:50","date_gmt":"2026-01-27T12:20:50","guid":{"rendered":"https:\/\/lomervarde.se\/sef\/?post_type=erbjudande&#038;p=2167"},"modified":"2026-01-27T11:42:12","modified_gmt":"2026-01-27T10:42:12","slug":"se-fredrik-steen-carin-da-silva-i-ett-samtal-om-livet-med-hund","status":"publish","type":"erbjudande","link":"https:\/\/lomervarde.se\/sef\/erbjudande\/se-fredrik-steen-carin-da-silva-i-ett-samtal-om-livet-med-hund\/","title":{"rendered":"Se Fredrik Steen &#038; Carin da Silva i ett samtal om livet med hund"},"content":{"rendered":"","protected":false},"author":34,"featured_media":2109,"menu_order":10,"template":"","categories":[1335],"tags":[1798,1259,1870,1871,1778,701,704,705,1803,1872,1873],"brand":[1783],"class_list":["post-2167","erbjudande","type-erbjudande","status-publish","has-post-thumbnail","hentry","category-halsa-fritid","tag-carin-da-silva","tag-djur","tag-forelasning-om-hund","tag-forelasning-om-livet-med-hund","tag-fredrik-steen","tag-hund","tag-hundagare","tag-husdjur","tag-livesandning","tag-livesandning-om-livet-med-hund","tag-om-livet-med-djur","brand-fredrik-steen-play"],"acf":[],"yoast_head":"<!-- This site is optimized with the Yoast SEO plugin v27.5 - https:\/\/yoast.com\/product\/yoast-seo-wordpress\/ -->\n<title>Se Fredrik Steen &amp; Carin da Silva i ett samtal om livet med hund - Elektrikerna<\/title>\n<meta name=\"robots\" content=\"index, follow, max-snippet:-1, max-image-preview:large, max-video-preview:-1\" \/>\n<link rel=\"canonical\" href=\"https:\/\/lomervarde.se\/sef\/erbjudande\/se-fredrik-steen-carin-da-silva-i-ett-samtal-om-livet-med-hund\/\" \/>\n<meta property=\"og:locale\" content=\"sv_SE\" \/>\n<meta property=\"og:type\" content=\"article\" \/>\n<meta property=\"og:title\" content=\"Se Fredrik Steen &amp; Carin da Silva i ett samtal om livet med hund - Elektrikerna\" \/>\n<meta property=\"og:url\" content=\"https:\/\/lomervarde.se\/sef\/erbjudande\/se-fredrik-steen-carin-da-silva-i-ett-samtal-om-livet-med-hund\/\" \/>\n<meta property=\"og:site_name\" content=\"Elektrikerna\" \/>\n<meta property=\"og:image\" content=\"https:\/\/lomervarde.se\/sef\/wp-content\/uploads\/sites\/38\/2025\/11\/Banner-1920x1920_ny_1-1024x1024.png\" \/>\n\t<meta property=\"og:image:width\" content=\"1024\" \/>\n\t<meta property=\"og:image:height\" content=\"1024\" \/>\n\t<meta property=\"og:image:type\" content=\"image\/png\" \/>\n<meta name=\"twitter:card\" content=\"summary_large_image\" \/>\n<meta name=\"twitter:label1\" content=\"Ber\u00e4knad l\u00e4stid\" \/>\n\t<meta name=\"twitter:data1\" content=\"1 minut\" \/>\n<script type=\"application\/ld+json\" class=\"yoast-schema-graph\">{\"@context\":\"https:\\\/\\\/schema.org\",\"@graph\":[{\"@type\":\"WebPage\",\"@id\":\"https:\\\/\\\/lomervarde.se\\\/sef\\\/erbjudande\\\/se-fredrik-steen-carin-da-silva-i-ett-samtal-om-livet-med-hund\\\/\",\"url\":\"https:\\\/\\\/lomervarde.se\\\/sef\\\/erbjudande\\\/se-fredrik-steen-carin-da-silva-i-ett-samtal-om-livet-med-hund\\\/\",\"name\":\"Se Fredrik Steen & Carin da Silva i ett samtal om livet med hund - Elektrikerna\",\"isPartOf\":{\"@id\":\"https:\\\/\\\/lomervarde.se\\\/sef\\\/#website\"},\"primaryImageOfPage\":{\"@id\":\"https:\\\/\\\/lomervarde.se\\\/sef\\\/erbjudande\\\/se-fredrik-steen-carin-da-silva-i-ett-samtal-om-livet-med-hund\\\/#primaryimage\"},\"image\":{\"@id\":\"https:\\\/\\\/lomervarde.se\\\/sef\\\/erbjudande\\\/se-fredrik-steen-carin-da-silva-i-ett-samtal-om-livet-med-hund\\\/#primaryimage\"},\"thumbnailUrl\":\"https:\\\/\\\/lomervarde.se\\\/sef\\\/wp-content\\\/uploads\\\/sites\\\/38\\\/2025\\\/11\\\/Banner-1920x1920_ny_1.png\",\"datePublished\":\"2026-01-27T12:20:50+00:00\",\"inLanguage\":\"sv-SE\",\"potentialAction\":[{\"@type\":\"ReadAction\",\"target\":[\"https:\\\/\\\/lomervarde.se\\\/sef\\\/erbjudande\\\/se-fredrik-steen-carin-da-silva-i-ett-samtal-om-livet-med-hund\\\/\"]}]},{\"@type\":\"ImageObject\",\"inLanguage\":\"sv-SE\",\"@id\":\"https:\\\/\\\/lomervarde.se\\\/sef\\\/erbjudande\\\/se-fredrik-steen-carin-da-silva-i-ett-samtal-om-livet-med-hund\\\/#primaryimage\",\"url\":\"https:\\\/\\\/lomervarde.se\\\/sef\\\/wp-content\\\/uploads\\\/sites\\\/38\\\/2025\\\/11\\\/Banner-1920x1920_ny_1.png\",\"contentUrl\":\"https:\\\/\\\/lomervarde.se\\\/sef\\\/wp-content\\\/uploads\\\/sites\\\/38\\\/2025\\\/11\\\/Banner-1920x1920_ny_1.png\",\"width\":1920,\"height\":1920},{\"@type\":\"WebSite\",\"@id\":\"https:\\\/\\\/lomervarde.se\\\/sef\\\/#website\",\"url\":\"https:\\\/\\\/lomervarde.se\\\/sef\\\/\",\"name\":\"Elektrikerna\",\"description\":\"LO Merv\u00e4rde - f\u00f6rm\u00e5ner och erbjudanden f\u00f6r oss tillsammans\",\"potentialAction\":[{\"@type\":\"SearchAction\",\"target\":{\"@type\":\"EntryPoint\",\"urlTemplate\":\"https:\\\/\\\/lomervarde.se\\\/sef\\\/?s={search_term_string}\"},\"query-input\":{\"@type\":\"PropertyValueSpecification\",\"valueRequired\":true,\"valueName\":\"search_term_string\"}}],\"inLanguage\":\"sv-SE\"}]}<\/script>\n<!-- \/ Yoast SEO plugin. -->","yoast_head_json":{"title":"Se Fredrik Steen & Carin da Silva i ett samtal om livet med hund - Elektrikerna","robots":{"index":"index","follow":"follow","max-snippet":"max-snippet:-1","max-image-preview":"max-image-preview:large","max-video-preview":"max-video-preview:-1"},"canonical":"https:\/\/lomervarde.se\/sef\/erbjudande\/se-fredrik-steen-carin-da-silva-i-ett-samtal-om-livet-med-hund\/","og_locale":"sv_SE","og_type":"article","og_title":"Se Fredrik Steen & Carin da Silva i ett samtal om livet med hund - Elektrikerna","og_url":"https:\/\/lomervarde.se\/sef\/erbjudande\/se-fredrik-steen-carin-da-silva-i-ett-samtal-om-livet-med-hund\/","og_site_name":"Elektrikerna","og_image":[{"width":1024,"height":1024,"url":"https:\/\/lomervarde.se\/sef\/wp-content\/uploads\/sites\/38\/2025\/11\/Banner-1920x1920_ny_1-1024x1024.png","type":"image\/png"}],"twitter_card":"summary_large_image","twitter_misc":{"Ber\u00e4knad l\u00e4stid":"1 minut"},"schema":{"@context":"https:\/\/schema.org","@graph":[{"@type":"WebPage","@id":"https:\/\/lomervarde.se\/sef\/erbjudande\/se-fredrik-steen-carin-da-silva-i-ett-samtal-om-livet-med-hund\/","url":"https:\/\/lomervarde.se\/sef\/erbjudande\/se-fredrik-steen-carin-da-silva-i-ett-samtal-om-livet-med-hund\/","name":"Se Fredrik Steen & Carin da Silva i ett samtal om livet med hund - Elektrikerna","isPartOf":{"@id":"https:\/\/lomervarde.se\/sef\/#website"},"primaryImageOfPage":{"@id":"https:\/\/lomervarde.se\/sef\/erbjudande\/se-fredrik-steen-carin-da-silva-i-ett-samtal-om-livet-med-hund\/#primaryimage"},"image":{"@id":"https:\/\/lomervarde.se\/sef\/erbjudande\/se-fredrik-steen-carin-da-silva-i-ett-samtal-om-livet-med-hund\/#primaryimage"},"thumbnailUrl":"https:\/\/lomervarde.se\/sef\/wp-content\/uploads\/sites\/38\/2025\/11\/Banner-1920x1920_ny_1.png","datePublished":"2026-01-27T12:20:50+00:00","inLanguage":"sv-SE","potentialAction":[{"@type":"ReadAction","target":["https:\/\/lomervarde.se\/sef\/erbjudande\/se-fredrik-steen-carin-da-silva-i-ett-samtal-om-livet-med-hund\/"]}]},{"@type":"ImageObject","inLanguage":"sv-SE","@id":"https:\/\/lomervarde.se\/sef\/erbjudande\/se-fredrik-steen-carin-da-silva-i-ett-samtal-om-livet-med-hund\/#primaryimage","url":"https:\/\/lomervarde.se\/sef\/wp-content\/uploads\/sites\/38\/2025\/11\/Banner-1920x1920_ny_1.png","contentUrl":"https:\/\/lomervarde.se\/sef\/wp-content\/uploads\/sites\/38\/2025\/11\/Banner-1920x1920_ny_1.png","width":1920,"height":1920},{"@type":"WebSite","@id":"https:\/\/lomervarde.se\/sef\/#website","url":"https:\/\/lomervarde.se\/sef\/","name":"Elektrikerna","description":"LO Merv\u00e4rde - f\u00f6rm\u00e5ner och erbjudanden f\u00f6r oss tillsammans","potentialAction":[{"@type":"SearchAction","target":{"@type":"EntryPoint","urlTemplate":"https:\/\/lomervarde.se\/sef\/?s={search_term_string}"},"query-input":{"@type":"PropertyValueSpecification","valueRequired":true,"valueName":"search_term_string"}}],"inLanguage":"sv-SE"}]}},"publishpress_future_action":{"enabled":false,"date":"2026-05-06 20:20:42","action":"change-status","newStatus":"draft","terms":[],"taxonomy":"category","extraData":[]},"publishpress_future_workflow_manual_trigger":{"enabledWorkflows":[]},"_links":{"self":[{"href":"https:\/\/lomervarde.se\/sef\/wp-json\/wp\/v2\/erbjudande\/2167","targetHints":{"allow":["GET"]}}],"collection":[{"href":"https:\/\/lomervarde.se\/sef\/wp-json\/wp\/v2\/erbjudande"}],"about":[{"href":"https:\/\/lomervarde.se\/sef\/wp-json\/wp\/v2\/types\/erbjudande"}],"author":[{"embeddable":true,"href":"https:\/\/lomervarde.se\/sef\/wp-json\/wp\/v2\/users\/34"}],"version-history":[{"count":1,"href":"https:\/\/lomervarde.se\/sef\/wp-json\/wp\/v2\/erbjudande\/2167\/revisions"}],"predecessor-version":[{"id":2168,"href":"https:\/\/lomervarde.se\/sef\/wp-json\/wp\/v2\/erbjudande\/2167\/revisions\/2168"}],"wp:featuredmedia":[{"embeddable":true,"href":"https:\/\/lomervarde.se\/sef\/wp-json\/wp\/v2\/media\/2109"}],"wp:attachment":[{"href":"https:\/\/lomervarde.se\/sef\/wp-json\/wp\/v2\/media?parent=2167"}],"wp:term":[{"taxonomy":"category","embeddable":true,"href":"https:\/\/lomervarde.se\/sef\/wp-json\/wp\/v2\/categories?post=2167"},{"taxonomy":"post_tag","embeddable":true,"href":"https:\/\/lomervarde.se\/sef\/wp-json\/wp\/v2\/tags?post=2167"},{"taxonomy":"brand","embeddable":true,"href":"https:\/\/lomervarde.se\/sef\/wp-json\/wp\/v2\/brand?post=2167"}],"curies":[{"name":"wp","href":"https:\/\/api.w.org\/{rel}","templated":true}]}}

<!-- This site is optimized with the Yoast SEO plugin v27.5 - https://yoast.com/product/yoast-seo-wordpress/ -->
<title>Se Fredrik Steen &amp; Carin da Silva i ett samtal om livet med hund - Elektrikerna</title>
<meta name="robots" content="index, follow, max-snippet:-1, max-image-preview:large, max-video-preview:-1" />
<link rel="canonical" href="https://lomervarde.se/sef/erbjudande/se-fredrik-steen-carin-da-silva-i-ett-samtal-om-livet-med-hund/" />
<meta property="og:locale" content="sv_SE" />
<meta property="og:type" content="article" />
<meta property="og:title" content="Se Fredrik Steen &amp; Carin da Silva i ett samtal om livet med hund - Elektrikerna" />
<meta property="og:url" content="https://lomervarde.se/sef/erbjudande/se-fredrik-steen-carin-da-silva-i-ett-samtal-om-livet-med-hund/" />
<meta property="og:site_name" content="Elektrikerna" />
<meta property="og:image" content="https://lomervarde.se/sef/wp-content/uploads/sites/38/2025/11/Banner-1920x1920_ny_1-1024x1024.png" />
	<meta property="og:image:width" content="1024" />
	<meta property="og:image:height" content="1024" />
	<meta property="og:image:type" content="image/png" />
<meta name="twitter:card" content="summary_large_image" />
<meta name="twitter:label1" content="Beräknad lästid" />
	<meta name="twitter:data1" content="1 minut" />
<script type="application/ld+json" class="yoast-schema-graph">{"@context":"https:\/\/schema.org","@graph":[{"@type":"WebPage","@id":"https:\/\/lomervarde.se\/sef\/erbjudande\/se-fredrik-steen-carin-da-silva-i-ett-samtal-om-livet-med-hund\/","url":"https:\/\/lomervarde.se\/sef\/erbjudande\/se-fredrik-steen-carin-da-silva-i-ett-samtal-om-livet-med-hund\/","name":"Se Fredrik Steen & Carin da Silva i ett samtal om livet med hund - Elektrikerna","isPartOf":{"@id":"https:\/\/lomervarde.se\/sef\/#website"},"primaryImageOfPage":{"@id":"https:\/\/lomervarde.se\/sef\/erbjudande\/se-fredrik-steen-carin-da-silva-i-ett-samtal-om-livet-med-hund\/#primaryimage"},"image":{"@id":"https:\/\/lomervarde.se\/sef\/erbjudande\/se-fredrik-steen-carin-da-silva-i-ett-samtal-om-livet-med-hund\/#primaryimage"},"thumbnailUrl":"https:\/\/lomervarde.se\/sef\/wp-content\/uploads\/sites\/38\/2025\/11\/Banner-1920x1920_ny_1.png","datePublished":"2026-01-27T12:20:50+00:00","inLanguage":"sv-SE","potentialAction":[{"@type":"ReadAction","target":["https:\/\/lomervarde.se\/sef\/erbjudande\/se-fredrik-steen-carin-da-silva-i-ett-samtal-om-livet-med-hund\/"]}]},{"@type":"ImageObject","inLanguage":"sv-SE","@id":"https:\/\/lomervarde.se\/sef\/erbjudande\/se-fredrik-steen-carin-da-silva-i-ett-samtal-om-livet-med-hund\/#primaryimage","url":"https:\/\/lomervarde.se\/sef\/wp-content\/uploads\/sites\/38\/2025\/11\/Banner-1920x1920_ny_1.png","contentUrl":"https:\/\/lomervarde.se\/sef\/wp-content\/uploads\/sites\/38\/2025\/11\/Banner-1920x1920_ny_1.png","width":1920,"height":1920},{"@type":"WebSite","@id":"https:\/\/lomervarde.se\/sef\/#website","url":"https:\/\/lomervarde.se\/sef\/","name":"Elektrikerna","description":"LO Mervärde - förmåner och erbjudanden för oss tillsammans","potentialAction":[{"@type":"SearchAction","target":{"@type":"EntryPoint","urlTemplate":"https:\/\/lomervarde.se\/sef\/?s={search_term_string}"},"query-input":{"@type":"PropertyValueSpecification","valueRequired":true,"valueName":"search_term_string"}}],"inLanguage":"sv-SE"}]}</script>
<!-- / Yoast SEO plugin. -->

LO Mervärde - förmåner och erbjudanden för oss tillsammans
